 Give y(-3).
258
Let h(f) = 2*f**2 + 149*f - 3698. Give h(20).
82
Let f(p) = p**2 + 344*p - 139336. What is f(-583)?
1
Let l(s) = 79*s**2 - 29*s + 57. Give l(2).
315
Let o(k) = 75*k**2 - 3951*k + 2654. Give o(52).
2
Let c(a) = 93329*a - 7746313. Determine c(83).
-6
Let p(l) = 26605*l + 46718378. Give p(-1756).
-2
Let y(g) = 185*g + 37246. What is y(-202)?
-124
Let y(p) = 3306*p + 43352. Calculate y(-14).
-2932
Let n(f) = 2*f**2 - 781*f - 2379. Give n(0).
-2379
Let i(g) = -g**3 + 122*g**2 - 1770*g - 1590. Give i(105).
-15
Let n(o) = 2*o**3 + 177*o**2 + 2087*o - 4. Give n(-14).
-18
Let v(h) = h**3 + 78*h**2 + 209*h - 971. Calculate v(-75).
229
Let b(q) = 573*q**2 + 241*q - 242. Calculate b(1).
572
Let j(w) = 4347*w + 304311. Give j(-70).
21
Let w(t) = -25*t**3 - 3*t**2 + 101*t - 654. What is w(5)?
-3349
Let u(k) = 58*k**2 - 386*k + 210. Calculate u(6).
-18
Let i(m) = 7*m**3 + 253*m**2 + 13*m - 973. Give i(-36).
-145
Let n(f) = 206*f**2 + 13649*f + 3469. Determine n(-66).
-29
Let c(i) = 3*i**2 - 329*i + 7347. Give c(78).
-63
Let x(n) = 2*n**2 + 270*n - 1510. What is x(-141)?
182
Let d(h) = 6*h**2 - 54*h + 2393. Determine d(23).
4325
Let s(u) = 165*u**2 + 6298*u + 57. Calculate s(-38).
-1007
Let j(p) = p**2 - 2545*p - 328165. What is j(-123)?
-1
Let x(s) = s**2 - 24461*s + 659737. Give x(27).
19
Let s(m) = -m**3 - 338*m**2 - 2531*m + 35997. Calculate s(-330).
27
Let l(f) = -71*f - 4402. Determine l(-58).
-284
Let f(b) = 17*b**2 + 8*b + 3. Calculate f(0).
3
Let s(t) = 11*t**3 - 53*t**2 + 197*t - 1035. Give s(5).
0
Let o(k) = -94*k**2 + 1106*k - 24. Calculate o(12).
-288
Let o(g) = -81*g**2 - 28*g - 5. Determine o(-1).
-58
Let v(w) = 2*w**2 + 192*w + 1864. Calculate v(-12).
-152
Let m(s) = -5*s**3 - 4326*s**2 - 842*s + 19904. Determine m(-865).
9
Let o(c) = 5690*c + 17148. Determine o(-3).
78
Let m(o) = -637*o + 1718. Calculate m(2).
444
Let z(o) = -2*o**3 - 6*o**2 + 230*o - 604. What is z(7)?
26
Let q(r) = -4803*r - 427468. Calculate q(-89).
-1
Let c(y) = 20*y**2 + 1407*y - 11. Calculate c(-71).
912
Let p(s) = 531*s**3 - 8*s**2 + 19*s - 9. Determine p(1).
533
Let f(j) = -17*j**2 + 334*j - 1595. Give f(12).
-35
Let g(o) = o**3 + 53*o**2 - 6*o + 1209. Give g(0).
1209
Let h(j) = 2231438*j - 6694311. Give h(3).
3
Let l(h) = -4*h**2 + 1399*h + 17665. Determine l(362).
-73
Let z(i) = 5*i**2 + 25351*i - 330418. Give z(13).
-10
Let n(j) = -707*j - 556435. Calculate n(-787).
-26
Let t(v) = -467*v - 86408. Calculate t(-185).
-13
Let a(j) = -578*j + 10524. Give a(17).
698
Let b(r) = 1843*r - 10889. What is b(6)?
169
Let z(c) = 3*c**3 - 87*c**2 - 17*c + 540. Determine z(29).
47
Let f(k) = -20572*k - 82311. Determine f(-4).
-23
Let a(c) = -115789*c + 156. Determine a(0).
156
Let k(y) = -2*y**3 - 20*y**2 - 1751*y + 16275. Give k(8).
-37
Let w(t) = -t**2 - 3929*t - 1131763. Calculate w(-313).
45
Let s(k) = -2*k**3 - 93*k**2 + 5341*k + 247809. What is s(-46)?
7
Let r(v) = -8042*v - 48198. Give r(-6).
54
Let n(h) = -2574*h - 836568. Determine n(-325).
-18
Let n(q) = -7640*q + 396899. Determine n(52).
-381
Let l(s) = -1688*s + 24165. What is l(14)?
533
Let z(h) = 13*h**2 - 14*h - 25. Determine z(-8).
919
Let z(x) = -227*x + 23679. What is z(104)?
71
Let w(c) = -c**3 + 7*c**2 + 361*c + 1008. Determine w(-14).
70
Let d(p) = -p**3 - 26*p**2 - 12*p + 1295. Determine d(-9).
26
Let p(m) = -901*m - 603653. What is p(-670)?
17
Let l(d) = -2*d**2 + 2184*d - 288900. What is l(154)?
4
Let z(u) = u**3 + u**2 - 38256*u - 7064. Give z(-196).
-8
Let t(i) = 2*i**3 - 142*i**2 - 266*i - 1901. Calculate t(73).
-3
Let n(u) = 65058*u - 13206773. Give n(203).
1
Let y(u) = -3669*u + 47735. Calculate y(13).
38
Let m(l) = l**3 + 1208*l**2 + 6698*l - 617843. Give m(-1202).
-15
Let m(g) = 4*g**3 + 207*g**2 - 827*g - 65. Determine m(4).
195
Let y(g) = g**3 + 360*g**2 - 330*g + 11149. Calculate y(-361).
-42
Let k(i) = 3*i**3 - 35*i**2 + 362*i - 4484. Give k(12).
4
Let x(d) = -7*d**3 - 625*d**2 - 181*d - 290. Calculate x(-89).
-23
Let z(m) = m**3 - 69*m**2 + 86*m - 5969. Calculate z(69).
-35
Let k(v) = v**3 + 16*v**2 - 3368*v - 40940. Determine k(-12).
52
Let p(f) = -658*f + 22079. What is p(33)?
365
Let o(z) = 107*z**2 - 133981*z + 21273. What is o(1252)?
-11
Let b(m) = -3339*m - 3489. What is b(-2)?
3189
Let u(m) = 1640*m + 65587. Determine u(-40).
-13
Let m(k) = -8*k**2 + 2767*k + 5561. Calculate m(-2).
-5
Let j(x) = -2*x**3 + 12*x**2 - 2765*x + 22379. Give j(8).
3
Let l(d) = -42*d**3 + 2521*d**2 - 142*d + 5003. What is l(60)?
83
Let s(y) = -2384*y**2 - 9540*y - 3. Determine s(-4).
13
Let s(d) = -d**2 - 6920*d + 292417. What is s(42)?
13
Let r(d) = 391*d**2 + 18775*d + 333. Calculate r(-48).
-3
Let f(u) = 1197*u - 2407159. Calculate f(2011).
8
Let a(l) = -34263*l + 171046. Calculate a(5).
-269
Let v(p) = -p**3 - 25*p**2 + 1095*p - 3. Calculate v(-48).
429
Let o(f) = -655*f + 318348. What is o(486)?
18
Let a(v) = -26*v**2 + 36*v + 497. Calculate a(0).
497
Let y(h) = h**2 + 37040*h + 74074. Give y(-2).
-2
Let f(n) = -40*n**2 + 618*n + 5000. Give f(-6).
-148
Let w(u) = -5*u**3 + 212*u**2 + 107*u + 944. Determine w(43).
-2
Let f(h) = 10560*h + 53257. Determine f(-5).
457
Let d(g) = -g**3 + 48*g**2 + 5048*g + 130. What is d(-51)?
181
Let i(r) = 2386*r + 25598. Determine i(-11).
-648
Let s(r) = 14*r**2 + 542*r + 94. Give s(-39).
250
Let s(b) = -b**3 + 17*b**2 + 18*b + 757. What is s(20)?
-83
Let u(g) = -g**3 - 36*g**2 + 35*g - 1558. Determine u(-38).
0
Let l(g) = 51*g**2 + 856*g + 1714. Determine l(-2).
206
Let b(s) = -2*s**3 + 52*s**2 - 2193*s + 44404. Calculate b(22).
30
Let l(b) = -535734*b + 3750108. Give l(7).
-30
Let i(w) = 3818*w**2 + 38173*w + 36. What is i(-10)?
106
Let d(x) = 12626*x - 16742086. Determine d(1326).
-10
Let n(x) = -16*x**2 - 399*x - 102. Give n(-26).
-544
Let b(a) = 3*a**2 - 5256*a + 1462581. Determine b(1405).
-24
Let w(h) = 14*h**3 + 61*h**2 + 65*h + 402. Calculate w(-4).
222
Let u(c) = -70*c + 5902. What is u(95)?
-748
Let i(n) = n**3 + 64*n**2 - 191*n + 554. Calculate i(-67).
-116
Let g(y) = 48*y**3 + 121*y**2 - 12*y - 15. Determine g(-3).
-186
Let a(u) = 95*u**2 - 15*u - 25. Calculate a(-1).
85
Let v(r) = 12573*r + 653739. Give v(-52).
-57
Let o(p) = 4*p**2 - 424*p - 3159. Give o(-7).
5
Let s(a) = 2497*a - 32493. Determine s(13).
-32
Let g(w) = -12*w**3 + 497*w**2 + 312*w - 757. Calculate g(42).
-1
Let g(u) = 2*u**3 + 4*u**2 + 309*u - 7. Calculate g(0).
-7
Let o(q) = -4*q**2 + 122*q - 507. Give o(35).
-1137
Let d(t) = 49*t**2 - 1254*t + 208. What is d(26)?
728
Let j(r) = -4*r**2 - 257*r - 1191. What is j(-5)?
-6
Let k(g) = 16236*g - 64945. Determine k(4).
-1
Let r(u) = -8*u**2 + 230*u + 184. Give r(37).
-2258
Let p(x) = 925*x - 160009. Calculate p(173).
16
Let p(j) = j**2 - 30909*j + 3878643. What is p(126)?
-15
Let w(o) = 3733269*o + 44799224. Determine w(-12).
-4
Let h(p) = 68*p + 123. Determine h(6).
531
Let a(o) = 22789*o - 934063. What is a(41)?
286
Let k(z) = -15316*z - 382774. What is k(-25)?
126
Let j(l) = -l**2 - 353*l - 31102. What is j(-167)?
-40
Let f(u) = -5*u**2 - 703*u - 4625. Give f(-132).
1051
Let m(l) = 26357*l + 1581421. Determine m(-60).
1
Let o(q) = 2*q**2 + 416*q + 13433. Determine o(-168).
-7
Let r(q) = -q**3 - 128*q**2 - 956*q + 746. Determine r(-120).
266
Let g(i) = 52299*i - 5439096. What is g(104)?
0
Let r(k) = -48*k**3 - 5*k**2 - 127*k - 253. Calculate r(-2).
365
Let n(j) = -j**3 - 75*j**2 + 1541*j - 1378. Calculate n(16).
-18
Let a(c) = 1233*c + 171374. What is a(-139)?
-13
Let c(z) = -3*z**3 - 92*z**2 + 386*z + 5140. What is c(-33)?
25
Let z(c) = -743*c**2 + 185765*c - 3753. Determine z(250).
-3
Let s(g) = 14*g**3 + 6049*g**2 + 361*g - 30681. What is s(-432)?
-9
Let v(s) = -1970*s - 15460. What is v(-8)?
300
Let s(m) = -m**2 - 2529*m - 47690. Calculate s(-19).
0
Let m(u) = -1630*u - 70427. Determine m(-43).
-337
Let r(k) = -k**3 + 189*k**2 + 2433*k + 252. Determine r(-12).
0
Let y(n) = -3*n**2 - 437*n - 8137. Calculate y(-22).
25
Let h(k) = 402*k**2 - 3217*k + 45. What is h(8)?
37
Let q(h) = -5044*h + 413588. Determine q(82).
-20
Let g(y) = 59*y**3 - 34*y**2 + 19*y - 12. Calculate g(2).
362
Let n(t) = -37*t**3 - 447*t**2 + 1347*t - 2. Calculate n(3).
-983
Let q(z) = 24489*z + 4579444. Determine q(-187).
1
Let x(k) = 1422*k - 172069. W